prime factors of h(-5).
13
Let f = 9 + -13. Let j(k) = -6*k - 11 + 7 - 8*k. What are the prime factors of j(f)?
2, 13
Let j = -31 + 723. What are the prime factors of j?
2, 173
Let p = 28 + -28. Suppose p = -g - 2. What are the prime factors of 1*44 + (-4 - g)?
2, 3, 7
Let k(v) = -3*v**2 + 120*v - 98. List the prime factors of k(33).
5, 7, 17
Let c = 281 - -96. What are the prime factors of c?
13, 29
Let b(j) = 514*j + 165. What are the prime factors of b(2)?
1193
Let w = 37 - 20. Let a(b) = -b + 20. Let q be a(w). Suppose 2*x = 2*s - 66, s - 2*x - 27 = -q*x. What are the prime factors of s?
2, 3, 5
Let f be -42*(4/(-12) + -1). Suppose -9*z = -f - 1303. List the prime factors of z.
151
Let s = -12 - -14. Let d(f) = 2*f - 13. Let m(u) = -u + 7. Let l(z) = s*d(z) + 5*m(z). What are the prime factors of l(4)?
5
Suppose -395*f + 480 = -394*f. What are the prime factors of f?
2, 3, 5
Let i(n) = -n**3 - 10*n**2 - 19*n - 30. Let z be i(17). List the prime factors of z/(-34) - (6 - 208/34).
2, 3, 5
Let p = -45 - -53. Suppose p*c = 2*c + 264. What are the prime factors of c?
2, 11
Let s be 2/(-4)*(-14 - 2). Let v(h) = -6*h - s - 10 + h. List the prime factors of v(-8).
2, 11
Let w be -2 - -36 - (-6)/(-2). Let s be (-2*3/(-18))/(2/(-6)). List the prime factors of (w/s)/((-2)/2).
31
Let j(s) be the second derivative of -s**3 - 37*s**2 + 3*s. What are the prime factors of j(-25)?
2, 19
Suppose 7*b + 591 = 4*b. Let g = b - -368. What are the prime factors of g?
3, 19
Let o(s) = 129*s + 1. Suppose -y - 1 = -2*w, 2*w + 5*y - 5 = 2*y. What are the prime factors of o(w)?
2, 5, 13
Let x(v) = -v**2 - 11*v - 5. Let j be x(-6). Let f = 29 - j. Suppose -f*k = -6*k + 48. List the prime factors of k.
2, 3
Let w(s) = -s**3 - 8*s**2 + 12*s + 19. Let z be (1/(-3) - -1)/(6/(-99)). List the prime factors of w(z).
2, 5
Suppose -4*i = q - 81, -3*q + 3*i = -4*q + 81. What are the prime factors of q?
3
Let h(s) = 6*s**2 - s - 13. List the prime factors of h(-3).
2, 11
Let q be 16/24*306/(-2). Let c be (-62 + -2)/(12/q). List the prime factors of 6/(-14) + c/28.
19
Suppose -9*n = -14*n + 5. What are the prime factors of (-56)/((-1)/n) - 3?
53
Let y = -1 + 50. Suppose 46 = p - v, 2*v - y - 129 = -4*p. What are the prime factors of p?
3, 5
Let x be 5*-4*2/5. Let t(i) be the third derivative of i**5/60 + 7*i**4/24 - i**3/6 - 19*i**2. List the prime factors of t(x).
7
Suppose -1765 = 86*a - 91*a. List the prime factors of a.
353
Suppose 13 = -2*d + 7*d + f, -3*d = 2*f - 12. Suppose 5*l - 2*w + w = 245, -d*w + 260 = 5*l. What are the prime factors of l?
2, 5
Suppose 3*q + 12 = -0*q. Let a(p) = -9*p - 3. Let j be a(q). Suppose -5*n + j = -82. What are the prime factors of n?
23
Let n(q) = -q**3 - 5*q**2 - q + 7. Let w = 15 + -22. Let t(b) = b**2 + 6*b - 12. Let m be t(w). List the prime factors of n(m).
2, 3
Suppose 2*k + 12 = 6*k. Suppose -k*j = -3 - 6. Suppose 0 = j*x + 3*n - 93, 3*x = -n - 2 + 93. What are the prime factors of x?
2, 3, 5
Suppose 5*u + 0*u + 3980 = 5*v, -5*u = 4*v - 3202. What are the prime factors of v?
2, 3, 7, 19
Let s = -114 - -438. Suppose -114*j - s = -120*j. What are the prime factors of j?
2, 3
Suppose -712 = -2*v + 3*w, 5*w = 9*w - 16. What are the prime factors of v?
2, 181
Let i = 3205 - 3025. List the prime factors of i.
2, 3, 5
Let v(n) = -n**2 + 17*n - 2. Let m be v(16). Suppose 176 = 5*c - m. What are the prime factors of c?
2, 19
Suppose z - 4*t - 785 = 0, 0 = -2*t + 7*t - 25. List the prime factors of z.
5, 7, 23
Let g = -10 - -16. Suppose -4 = -2*i - 0. Suppose 5*z = g*z - i. What are the prime factors of z?
2
Let t = 1691 + -582. What are the prime factors of t?
1109
Suppose -22*x = -23614 - 5536. What are the prime factors of x?
5, 53
Let q = -91 - -266. Let n = q - 100. What are the prime factors of n?
3, 5
Let d = 230 + -205. What are the prime factors of d?
5
Let i be (0 + 38/(-4))*-8. Let y = i - 46. What are the prime factors of y?
2, 3, 5
List the prime factors of (166/(-2))/((-15)/195).
13, 83
Let g(p) = p**3 - 4*p**2 + 5*p + 9. Let d be g(5). Let c = -12 + d. Suppose -y = 3*y - 2*t - 132, -y + c = -4*t. What are the prime factors of y?
31
Suppose 0 = -32*c + 42772 + 13068. List the prime factors of c.
5, 349
Let h = -12 + 112. Let g(t) = 3*t**2 + 6*t - 15. Let w be g(7). Suppose -x - 2*i + w = 4*x, 3*x = i + h. List the prime factors of x.
2, 17
Let g = -65 + 66. What are the prime factors of (4*38 - g) + 3/(-1)?
2, 37
Let g = 394 - 276. Suppose -o - g = -2*n, -150 = -5*n - 5*o + 145. List the prime factors of n.
59
Let y be 120/(-84)*-14*1. Let b be 5/4 + (-2)/8. What are the prime factors of 10/y*(25 + b)?
13
Let b(p) = -88*p + 33. What are the prime factors of b(-6)?
3, 11, 17
Suppose -5*b - 3 = -5*a - 18, 4*b - 15 = a. Suppose -369 = -5*p - 3*i, b*i - 61 - 95 = -2*p. What are the prime factors of 4*17*54/p?
3, 17
Suppose -2*l + 28 = -3*a - 50, -l + 44 = -4*a. Let b be 4/18 - (-424)/l. Suppose -z + b = -18. What are the prime factors of z?
2, 3, 5
Let c be 6 + -9 - 18/2. Let z be (-39)/c + 4/(-16). What are the prime factors of (-111)/(-4) + z/12?
2, 7
Let w be (-1 + (-15)/(-2))/((-10)/(-20)). Let y(t) = t + 1. Let r(v) = -3*v + 2. Let i(d) = r(d) + 4*y(d). List the prime factors of i(w).
19
Let h(m) = -4*m**3 + 7*m**2 - 10*m - 58. What are the prime factors of h(-4)?
2, 5, 7
Suppose -2*n + 7*n = 0. Suppose n = 4*i + i - 10. Suppose i*j = j + 64. What are the prime factors of j?
2
Let v = -15 - -18. Suppose -v = p + 13. Let q = p + 39. List the prime factors of q.
23
Suppose 6*z - 3*z - 39 = 0. Suppose -2*w + 12 = 2*y, -z = -3*y + 4*w - 2*w. Suppose -19 = -g + 3*h, -g - y*h = 5 - 24. List the prime factors of g.
19
Suppose 4*w + 2 = 3*u, -3*u = -0*w + 2*w + 10. Let j be 10/1*1/w. Let d(f) = f**3 + 7*f**2 + 2*f + 1. List the prime factors of d(j).
41
Let w = 743 + -387. What are the prime factors of w?
2, 89
Suppose s - 540 = -7*d + 2*d, -4*s = 0. Suppose 3*r + 46 = 367. Suppose 4*k - d = -4*l, 4*k = -k + 2*l + r. What are the prime factors of k?
23
Let x(i) = 41*i**2 - 6*i + 7. Let a be x(3). Suppose -2*d + a = 3*b - 6*d, -5*d + 151 = b. What are the prime factors of b?
2, 3, 7
Suppose 0 = 2*l + 2*s - 842, 0*l - 5*s + 1686 = 4*l. List the prime factors of l.
419
Suppose -5*u + a + 774 = 0, a = 3*u - 2*a - 462. What are the prime factors of u?
5, 31
Let h(s) = -110*s - 103. What are the prime factors of h(-5)?
3, 149
Let l(x) = x**3 - 7*x**2 + 9*x + 8. Let r be l(5). List the prime factors of -3 + 258/r + 3.
2, 43
Let s = 6 + -13. Let g be -2*(s/2 + 2). List the prime factors of (-7)/(-1) - (g + 0).
2
Let t be 2 - (2/(-1))/2. Suppose -s - 5*h - 28 = 3*s, -5*s = t*h + 22. List the prime factors of (s/4)/((-6)/408).
2, 17
Suppose 4*b - 5*b = -1497. Suppose b = 5*m + 2*j - j, m + 4*j = 288. What are the prime factors of m?
2, 3, 5
List the prime factors of ((-1176)/(-20))/(16/40).
3, 7
Let y(b) = b**3 + 2*b**2 - 14. What are the prime factors of y(6)?
2, 137
Let y(i) = -i**3 - 4*i**2 - 4*i + 2. Let q be y(-3). Let w(s) = 5*s + 54. What are the prime factors of w(q)?
79
Let x = -159 + 312. Suppose 0 = q + 2*q - x. What are the prime factors of q?
3, 17
Let g(c) = -c**3 - 18*c**2 - 19*c - 20. Let h be g(-17). What are the prime factors of 5163/27 - h/63?
191
Let f(k) = 4*k**3 - 6*k**2 + 13*k + 10. Let b be f(6). Suppose -v + 9*v - b = 0. List the prime factors of v.
2, 23
Suppose 0*i + 4*i = -5*g - 211, 4*g = -5*i - 257. Let f = i - -149. What are the prime factors of f?
2, 5
Let k(c) = c**3 - 10*c**2 - 15*c - 3. Let g be k(12). Suppose 0 = -2*p - 3*p + g. Suppose 2*i = -3*z - 9 + 39, z = 3*i + p. List the prime factors of z.
2, 3
Let j be 1/(-6) + (-4)/(120/(-215)). Suppose -j*z + 1463 = 4*z. What are the prime factors of z?
7, 19
Let l be 234/(-4)*3*12/(-27). Let b be (-4 - (-4)/2) + 2. Suppose b = -5*f - 25, 3*c - 4*f = c + l. What are the prime factors of c?
29
List the prime factors of ((-6)/9 - 360/(-54)) + 5459.
5, 1093
Suppose 0 = 4*v + 2*c - 68, 4*v + 0*v - c - 74 = 0. Suppose 2*r - 51 = -5*o, -r + o - 2*o + v = 0. Let p = 22 - r. What are the prime factors of p?
3
Let x = 101 - 89. What are the prime factors of -4 + ((-3)/(-1))/(x/500)?
11
List the prime factors of 30 + 122 + (-3 - 1).
2, 37
Let w = -1190 + 1403. What are th